{"id":913,"date":"2023-06-01T17:32:23","date_gmt":"2023-06-01T20:32:23","guid":{"rendered":"https:\/\/csan2023.saneurociencias.org.ar\/?page_id=913"},"modified":"2023-09-14T19:51:40","modified_gmt":"2023-09-14T22:51:40","slug":"young-investigators","status":"publish","type":"page","link":"https:\/\/csan2023.saneurociencias.org.ar\/index.php\/young-investigators\/","title":{"rendered":"Young Investigators"},"content":{"rendered":"<section class=\"wpb-content-wrapper\"><p>[vc_row full_width=&#8221;stretch_row&#8221; parallax=&#8221;content-moving&#8221; parallax_image=&#8221;532&#8243; css=&#8221;.vc_custom_1685649063726{margin-top: -50px !important;}&#8221;][vc_column]<section id=\"about-header\" class=\"bg-scroll header-info-section division \">\n\t\t\t<div class=\"container white-color\">\t\t\t\t\n\t\t\t\t<div class=\"row\">\t\t\t\t\t\t\n\t\t\t\t\t<div class=\"col-md-8 col-lg-6 col-md-offset-2 col-lg-offset-3 text-center\">\t\t\t\t\t\t\t\t\t\n\n\t\t\t\t\t\t\n\t\t\t\t\t\t<h2 class=\"h2-medium\">Young Investigators<\/h2>\n\t\t\t\t\t\t\t\n\t\t\t\t\t\t\n\t\t\t\t\t\t<p class=\"p-huge\"><\/p>\n\t\t\t\t\t\t\n\t\t\t\t\t<\/div>\t\t\t\t\t\t\n\t\t\t\t<\/div>\n\t\t\t<\/div>\n\t\t<\/section>[\/vc_column][\/vc_row][vc_row][vc_column][vc_tta_accordion active_section=&#8221;999&#8243; collapsible_all=&#8221;true&#8221;][vc_tta_section title=&#8221;Neural control of escape speed during and after a visually threating stimuli&#8221; tab_id=&#8221;1691675397843-c4945df5-f7df&#8221;][vc_column_text]<strong>Alejandro C\u00e1mera (1), Mariano Belluscio, Daniel Tomsic<br \/>\n<\/strong><em>(1) University of Western Australia, Australia<\/em><\/p>\n<p><span style=\"font-weight: 400;\"><br \/>\n<\/span><span style=\"font-weight: 400;\">Escape responses to danger stimuli have been studied across many groups of animals. One of these animals is the crab <\/span><i><span style=\"font-weight: 400;\">Neohelice granulata<\/span><\/i><span style=\"font-weight: 400;\">. On this model the MLG2 neuron has been shown to be involved in the running speed of the crab during the escape response execution. The neural response of the MLG2 to looming stimuli of various dynamics match the running speed of the crabs to those same stimuli. Via mathematical modeling a hypothesis was proposed that MLG2 performs the visuo-motor transformation that controls the animals\u2019 escape velocity (1). However, this was achieved using a combination of behavioral experiments made with a tracking ball device and intracellular recordings obtained from immobile animals on an electrophysiology setup, i.e., the behavioral and neuronal responses were obtained from different animals. In the last few years, we began to perform extracellular recordings while the crab is running on a treadmill device to record both neural and behavioral data simultaneously. Supporting our initial hypothesis, we found that both the initial response of the MLG2 and its\u2019 spontaneous firing rate are enough to anticipate the running speed and the time of escape of the animal. But we also show that after the stimuli stops moving the MLG2 activity is modulated by the animals running speed. This suggests that the MLG2 does not only rely on visual stimuli to control the animal\u2019s velocity but can integrate proprioceptive information as well.<\/span><\/p>\n<p><strong>(1) Oliva &amp; Tomsic, JEB (2016)<\/strong>[\/vc_column_text][\/vc_tta_section][vc_tta_section title=&#8221;Aging disrupts clock and epigenetic factors circadian rhythms and makes rhythmic the clock-controlled expression of DNA repair enzymes. Effects of a caloric restricted diet.&#8221; tab_id=&#8221;1691675125253-5f5467f8-cda1&#8243;][vc_column_text]<strong>Castro-Pascual, Ivanna<sup>1<\/sup>; das Neves Oliveira, Angela<sup>2<\/sup>; van Helvoort Lengert, Andre<sup>2<\/sup>; Cargnelutti,Ethelina1; Lacoste, Mar\u00eda Gabriela<sup>1<\/sup>; Ferramola, Mariana<sup>1<\/sup>; Delgado, Silvia Marcela<sup>1<\/sup>; Melendez,Mat\u00edas2 Anzulovich, Ana<sup>1<\/sup>.<\/strong><\/p>\n<p><sup>1<\/sup>Laboratory of Chronobiology, IMIBIO-SL, CONICET-UNSL. Faculty of Chemistry, Biochemistry and Pharmacy, National University of San Luis (UNSL), San Luis, Argentina.<br \/>\n<sup>2<\/sup>Centro de Pesquisa em Oncologia Molecular, Hospital de C\u00e2ncer de Barretos, S\u00e3o Paulo, Brasil.<\/p>\n<p>Disruption of circadian rhythms and alterations in the DNA repair systems, constitute part of the biological and molecular basis of motor and cognitive aging (Lacoste et al., 2017; Langie et al., 2017). Azis Sancar et al. (2015) reported that the DNA nucleotide excision repair is regulated by the cellular<br \/>\nclock. Given cerebellum is very susceptible to oxidative stress and DNA damage, we analyzed the aging consequences on the circadian regulation of the DNA base excision repair (BER) system and the daily profiles of BER-related epigenetic factors, in the cerebellum. We also evaluated the effect of caloric restriction (CR) and investigated the mechanism of Ogg1 and Ape1 circadian regulation. Three- and 22-mo-old rats treated or not with a 40% CR diet and maintained under constant darkness, were used in this study. We observed that BMAL1 protein, as well as Sirt1 and Dnmt1 expression display circadian rhythms(p&lt;0.05) in the cerebellum. Of note, Ogg1 and Ape1 expression is arrhythmic in this tissue. Aging disrupts clock and epigenetic factors circadian rhythms and makes rhythmic the BER enzymes expression. CR partially restored the temporal patterns. Transient transfection experiments showed that Ogg1 and Ape1 expression is regulated by the BMAL1:CLOCK transcription factor. We expect our results contribute to the understanding of the circadian regulation of the DNA BER system and how nonpharmacological strategies could improve aging- related circadian decline in the cerebellum.[\/vc_column_text][\/vc_tta_section][vc_tta_section title=&#8221;Noradrenergic Mediated Brain State Switch.&#8221; tab_id=&#8221;1691673810002-f2b1f160-1622&#8243;][vc_column_text]<strong>EMILIANO MARACHLIAN<\/strong><\/p>\n<p><span style=\"font-weight: 400;\">The environment is complex and continuously changing whereby brains need to be able to adapt and quickly shift between resting, working or a<\/span><i><span style=\"font-weight: 400;\">rousal <\/span><\/i><span style=\"font-weight: 400;\">states in order to allow adaptative behaviors. These global state shifts are intimately linked to the brain-wide release of the neuromodulators. Although the neurons that release neuromodulators generally have projections throughout the whole brain, there are only studies showing neuromodulators effects in specific functions and\/or specific brain areas and still remains unclear what is the effect in the whole brain dynamics and how neuromodulators affect the information flow and computations in the entire brain.<\/span><\/p>\n<p><span style=\"font-weight: 400;\">In order to disentangle the specific circuit involved in the brain dynamic changes associated with noradrenaline release We used zebrafish larva as experimental model in combination with light-sheet microscopy. Whole-brain dynamics with single-neuron resolution was monitored while simultaneously recording free tail movement as a behavioral output. In addition optogenetic manipulation and cell type identification were performed.<\/span><\/p>\n<p><span style=\"font-weight: 400;\">Results show a noradrenergic neurons mediated switch in the brain state when animals perform a strong scape behavior. The switch is characterized by the shutting down of a vast majority of acti<\/span><span style=\"font-weight: 400;\">ve neurons a<\/span><span style=\"font-weight: 400;\">t the same time that the inactive neurons start up. The activation of neurons located in the Locus Coeruleus (LC) seem to trigger the switch. In addition we found that, when the switch is spontaneous, before the LC activation there is a ramping activity in a neuronal subpopulation located in another noradrinergic area, the NE-MO. I will present a characterization of the brain dynamic before and after the shift (by using spontaneous, stimuli and optogenetically triggered events) together with a components, role and dynamics description of the noradrenergic neuronal circuit involved in the brain state and behavior switch.<\/span>.<\/p>\n<p>[\/vc_column_text][\/vc_tta_section][vc_tta_section title=&#8221;Retinal alterations induced by choroidal neovascularization are reduced in p75NTR KO mice&#8221; tab_id=&#8221;1691671309384-3bcb10b1-ac4b&#8221;][vc_column_text]<strong>Subirada, PV<sup>1<\/sup>; Tovo, A<sup>2<\/sup>; Vaglienti, MV<sup>2<\/sup>; Vicentin D<sup>3<\/sup>; Ribotta NA<sup>3<\/sup>; Luna Pinto, JD<sup>3<\/sup>; S\u00e1nchez, MC<sup>2<\/sup>; Anastas\u00eda, A<sup>1<\/sup>; Barcelona, PF<sup>2<\/sup>.<\/strong><\/p>\n<p><sup>1<\/sup>Instituto Ferreyra, INIMEC-CONICET-UNC.<br \/>\n<sup>2<\/sup>Departamento de Bioqu\u00edmica Cl\u00ednica, CIBICI-CONICET, Facultad de Ciencias Qu\u00edmicas, Universidad Nacional de C\u00f3rdoba.<br \/>\n<sup>3<\/sup>Centro Privado de Ojos Romagosa. Fundaci\u00f3n VER. C\u00f3rdoba, Argentina.<\/p>\n<p><strong>Purpose:<\/strong> Age related macular degeneration (AMD) is one of the leading causes of blindness in adults over 60 years. In wet AMD, abnormal vascular tufts (termed choroidal neovascularization, CNV) invade the retina inducing photoreceptor degeneration. The p75 neurotrophin receptor (p75NTR) is involved in the transduction of neuronal death signals and it also participates in vascular changes. Here, we aim to determine the p75NTR role during retinal neurodegeneration in a mouse model of CNV.<\/p>\n<p><strong>Methods:<\/strong> 2-months old WT and p75NTR KO mice were injured in the retina using a photocoagulation laser. Mice with sham procedure were used as controls. 7 days after laser, mice were sacrificed. Retinas and retinal pigmented epithelium (RPE)-Choroid were processed separately.<\/p>\n<p><strong>Results:<\/strong> Western blot of neural retinas showed increased expression of p75NTR after the laser in CNV mice respect to control. Confocal images evidenced expression of p75NTR in Muller glial cells but not in pericytes, neurons nor in choroidal vessels. p75NTR KO mice with CNV showed decreased GFAP protein levels, reduced number of pycnotic nuclei, decreased TNF\u03b1 mRNA, lower percentage of mononuclear phagocytic cells (MPCs) infiltrated and partial preservation of the retinal functionality, respect to WT CNV mice. The neovascular area was reduced in p75NTR KO CNV mice, although no changes in VEGF levels were detected.<\/p>\n<p><strong>Conclusions:<\/strong> Our results suggest that p75NTR is involved in retinal and vascular alterations in the CNV mice.[\/vc_column_text][\/vc_tta_section][vc_tta_section title=&#8221;Pharmacological modulation of the circadian clock as a novel strategy to treat glioblastoma&#8221; tab_id=&#8221;1691671309359-144117ba-8dd4&#8243;][vc_column_text]<strong>WAGNER Paula M<sup>1,2<\/sup>, GUIDO Mario E<sup>1,2<\/sup><\/strong><\/p>\n<p>1CIQUIBIC-CONICET, Facultad de Ciencias Qu\u00edmicas, Universidad Nacional de C\u00f3rdoba, C\u00f3rdoba 5000, Argentina<br \/>\n2Departamento de Qu\u00edmica Biol\u00f3gica Ranwel Caputto, Facultad de Ciencias Qu\u00edmicas, Universidad Nacional de C\u00f3rdoba, C\u00f3rdoba 5000, Argentina.<\/p>\n<p>The circadian timekeeping regulates diverse cellular processes in organs, tissues, and even in individual cells, including tumor cells. Nowadays, it is known that the cellular clock is composed of the transcripcional machine and the metabolic\/cytosolic oscillator which work together to maintain the cellular homeostasis. However, habits of the modern life have severely altered the cellular temporal organization and can cause an increased risk of cancer. In particular, glioblastoma (GBM) is the most common and aggressive type of brain tumor of the central nervous system. Due to its great resistance to conventional therapies, it is necessary new chemotherapeutic approaches considering the impact of the circadian clock on tumor biology (review in Wagner et al 2021). Previous results evidenced a strong interaction between the metabolic oscillator and the transcriptional machinery in T98G cells (Wagner et al 2018). Here, we investigate how the metabolic\/cytosolic oscillator modulation can be used as a novel strategy for GBM treatment using a selective pharmacological inhibitor of glycogen synthase kinase 3\u03b2 (CHIR99021). The results showed a cytotoxic effect, a delayed wound closure, alterations on lipid droplets oscillations and redox state in CHIR-treated cells compared to control cells. Understanding and delving into tumor regulation from a chronobiological viewpoint will further help to design new treatments that maximize therapeutic benefits.<\/p>\n<p><strong>References:<\/strong><br \/>\n&#8211; Wagner, P. M., Sosa Alderete, L. G., Gorn\u00e9, L. D., Gaveglio, V., Salvador, G., Pasquar\u00e9, S., and Guido, M. E.<br \/>\n(2018) Proliferative Glioblastoma Cancer Cells Exhibit Persisting Temporal Control of Metabolism and Display Differential<br \/>\nTemporal Drug Susceptibility in Chemotherapy. Mol. Neurobiol.<br \/>\n&#8211; Wagner, P. M., Prucca, C. G., Caputto, B. L., and Guido, M. E. (2021) Adjusting the Molecular Clock: The<br \/>\nImportance of Circadian Rhythms in the Development of Glioblastomas and Its Intervention as a Therapeutic Strategy. Int.<br \/>\nJ. Mol. Sci. 2021, Vol. 22, Page 8289 22, 8289[\/vc_column_text][\/vc_tta_section][vc_tta_section title=&#8221;Machine Learning for modeling of cortical visual processing&#8221; tab_id=&#8221;1691674942615-9e84ea96-87dc&#8221;][vc_column_text]<strong>Dr. Rodrigo Echeveste<\/strong><\/p>\n<p><strong>Abstract: <\/strong>Employing tools from machine learning for modeling in computational neuroscience is an area of great expansion in recent years, and has become mutually beneficial for both fields. One of the central ideas behind this approach is that by optimizing artificial neural networks under biological constraints for tasks which are relevant for the brain, it is possible to find models that imitate different aspects of visual cortical processing. Deep convolutional neural networks (DNNs) were originally inspired by visual sensory processing, and are currently the best predictors of mean responses in multiple areas of the cortex. However, these models are not designed to faithfully represent the uncertainty of their predictions, which is central in the context of perception, where the information we receive from our senses is always noisy and incomplete. Moreover, these models lack dynamics, and do not capture the huge variability in cortical responses both over time and trials.<\/p>\n<p>In this talk I\u2019ll first give a short overview of the state of the art in ML methods based on DNNs as models of cortical visual processing, to then focus on models which incorporate recurrent connections to go beyond mean responses and capture stereotypical features of cortical dynamics, such as transients and oscillations. Finally I\u2019ll show an example of how these types of models can be used to bridge current knowledge between physiology and perception in disorders such as autism.<\/p>\n<p>[\/vc_column_text][\/vc_tta_section][vc_tta_section title=&#8221;Error minimization for path integration through place-grid cells dynamic coupling&#8221; tab_id=&#8221;1691674210595-da48b075-6f42&#8243;][vc_column_text]<strong>Jose A. Fernandez-Leon<sup>1,2,3,*<\/sup>, Ahmet K. Uysal<sup>1<\/sup>, Daoyun Ji<sup>1<\/sup><\/strong><\/p>\n<p><sup>1<\/sup> Dept. of Neuroscience, Baylor College of Medicine, Houston, Texas, United States;<br \/>\n<sup>2<\/sup> CIFICEN (CONICET-CICPBA-UNCPBA) and INTIA (UNCPBA-CICPBA), Exact Sciences Faculty-UNCPBA, Tandil, Argentina;<br \/>\n<sup>3<\/sup> National Scientific and Technical Research Council (CONICET), Argentina<br \/>\n<sup>*<\/sup> Corresponding author\/Editorial correspondence: Jose A. Fernandez-Leon Fellenz (jafernandez@exa.unicen.edu.ar; jafphd@gmail.com)<\/p>\n<p><strong>Keywords:<\/strong> place cells; grid cells; continuous attractor model; path integration; dynamics<\/p>\n<p><strong>Abstract:<\/strong> Grid cells (GCs) in the medial entorhinal cortex (MEC) use speed and direction to map the environment during spatial navigation. Hippocampal place cells (PCs) encode place and seem to minimize the accumulated error of GCs for path integration. However, the dynamic relationship between both cell types and the involved mechanism for error minimization is yet to be understood. Recent theoretical studies have also suggested the possibility of a network of<br \/>\nloops between the Hippocampus and MEC. The dynamical coupling between these cell types could coordinate the integration of velocity input to the GCs network and update the network\u2019s estimated position using PC network signals. A realistic toroidal topology model of GCs was implemented based on path integration to address this issue. Place cell-like neurons were modeled by defining their PFs through visual flow detection and proximity information during the animal\u2019s exploration of a squared arena. PFs appeared mostly during early exploration, helping to decrease the path integration error of GCs. Relatively slow-emergent PCs enabled anchoring signals for a precise GCs path integration. Consistent with experimental observations that place cells can retrieve spatial information from grid-like cells to create a more accurate spatial representation, the dynamic coupling between PCs and GCs may be one of the key components of the brain\u2019s navigational system.<\/p>\n<p><strong>Reference:<\/strong> <a href=\"https:\/\/www.nature.com\/articles\/s41598-022-25863-2\" target=\"_blank\" rel=\"noopener\">https:\/\/www.nature.com\/articles\/s41598-022-25863-2<\/a>[\/vc_column_text][\/vc_tta_section][vc_tta_section title=&#8221;Using Machine Learning to Predict Depression in College Students during the Argentinean Quarantine for the COVID-19 Pandemic&#8221; tab_id=&#8221;1691674206841-18aafc80-d546&#8243;][vc_column_text]<strong>L\u00f3pez Steinmetz, Lorena Cecilia a,b*<\/strong><\/p>\n<p>a Instituto de Investigaciones Psicol\u00f3gicas, Universidad Nacional de C\u00f3rdoba \u2013 Consejo Nacional de Investigaciones Cient\u00edficas y T\u00e9cnicas (IIPsi-UNC-CONICET), C\u00f3rdoba, Argentina<br \/>\nb Universidad Siglo 21, C\u00f3rdoba, Argentina<br \/>\n* cecilialopezsteinmetz@unc.edu.ar<\/p>\n<p><strong>ABSTRACT<\/strong><br \/>\nThis study aimed to develop and compare machine learning (ML) classifiers to predict depression in Argentinean college students during COVID-19 quarantine. The target variable was binarized. Psychological inventory scores, clinical information, quarantine sub- periods, and demographics were the input features. The data was randomly split into training and test sets. Quantile transformation and principal component analysis were used.<br \/>\nLongitudinal data (N=1492), previously analyzed using mixed effects modeling, was re- examined with ML algorithms (logistic regression, random forest, and support vector machine (SVM)). Uniform random, most frequent, and stratified random dummy models were used for baseline comparisons. Performance was assessed using area under the precision-recall curve, area under the receiver operating characteristic curve, balanced accuracy, precision, recall, F1 score, Brier score, and average Hamming loss. The classifiers outperformed baseline models. SVM and logistic regression performing similarly and better than random forest. Permutation feature importance analysis revealed that depression and anxiety scores at T1 were the most influential predictors. Surprisingly, traditional depression-related features (e.g., suicide behavior history) had little impact on model performance. Traditional statistical methods in psychology, such as mixed effects modeling, prioritize inference over prediction, while ML focus on prediction, potentially causing<br \/>\ndifferences.<\/p>\n<p><strong>KEYWORDS:<\/strong> machine learning; classifiers; depression; college students; COVID-19 pandemic[\/vc_column_text][\/vc_tta_section][vc_tta_section title=&#8221;Breathing alteration against hypoxia as a function of early ethanol exposure&#8221; tab_id=&#8221;1691674203137-b3543af3-d98c&#8221;][vc_column_text]<strong>Macchione, AF <sup>1-2<\/sup><\/strong><br \/>\n<sup>1<\/sup>Instituto de Investigaciones Psicol\u00f3gicas, IIPsi-CONICET-UNC<br \/>\n<sup>2<\/sup>Facultad de Psicolog\u00eda, UNC<\/p>\n<p>Maternal ethanol (EtOH) intake during pregnancy and lactation is a highly frequent \u201csocial\u201d behavior in Argentine, exposing fetus or neonates to moderate EtOH intoxication through the amniotic fluid and placenta. Early EtOH exposure triggers a spectrum of neurobehavioral dysfunctions affecting, also, the breathing response. In an animal model equivalent to the 3 rd trimester of the human gestation we explore the early ethanol exposure effects on the ventilatory responses in normoxic and hypoxic-air conditions. We also study central areas involved in breathing modulation as the solitary tract nucleus and the medullary raphe system. Our results show that a brief and early ethanol exposure alters both basal and hypoxia-induced breathing frequencies and apneas through modifications in the activation patterns of central areas of study. Actually, early ethanol exposure induces a basal breathing depression in normoxic conditions but, against a hypoxic challenge, ethanol triggers two consecutive altered events: first a lower hyperventilation rate during the hypoxic event itself and then, during the post-hypoxic period, ethanol elicit the emergency of an adaptive phenomenon, the ventilatory long-term facilitation. Alterations in the activation patterns in the NTS and raphe obscurus, and an increase in the 5HT levels in the medullary raphe nuclei (magnus, obscurus y pallidus) were observed as a function of different ways of early ethanol exposure.<\/p>\n<p><strong>Funding by MINCyT-Cba; FONCyT and SECyT-UNC.<\/strong>[\/vc_column_text][\/vc_tta_section][vc_tta_section title=&#8221;Towards Co-adaptive Learning for Motor Imagery Brain-Computer Interfaces&#8221; tab_id=&#8221;1691671966253-c05ba74f-150d&#8221;][vc_column_text]<strong>Victoria Peterson &#8211; Instituto de Matem\u00e1tica Aplicada del Litoral, IMAL, FIQ-UNL, CONICET, Santa Fe, Argentina<\/strong><\/p>\n<p>Brain-computer interfaces (BCIs) can be thought of as co-adaptive systems, in which the user learns to control the computer while the computer learns to decode the user&#8217;s brain activity. When used across multiple days, such as in motor imagery (MI) BCIs for rehabilitation, the recorded brain activity exhibits high variability. To enable adaptive and supportive machine learning systems for decoding the brain activity, we proposed an adaptation algorithm named BOTDA [1] that can avoid recalibration of the whole system across BCI sessions. Although the method showed promising results in offline experiments with real MI-BCI datasets, it remains to be determined whether its success depends on the subject&#8217;s ability to perform the MI task or on the model&#8217;s adaptive capabilities. Thus, we hypothesize that the adaptation based on BOTDA is successful only when: H1) the patterns provided by the user correspond to the mental task to be performed and H2) the calibration data used to train the decoding model is discriminative enough from the decoding system&#8217;s viewpoint. Results from realistic simulations suggest that BOTDA could be a valuable tool for developing co-adaptive MI-BCI systems.<\/p>\n<p><strong>Reference<\/strong><br \/>\n[1] Peterson, Victoria, et al. &#8220;Transfer learning based on optimal transport for motor imagery brain-computer interfaces.&#8221; IEEE Transactions on<br \/>\nBiomedical Engineering 69.2 (2021): 807-817.[\/vc_column_text][\/vc_tta_section][\/vc_tta_accordion][\/vc_column][\/vc_row]<\/p>\n<\/section>","protected":false},"excerpt":{"rendered":"<p>[vc_row full_width=&#8221;stretch_row&#8221; parallax=&#8221;content-moving&#8221; parallax_image=&#8221;532&#8243; css=&#8221;.vc_custom_1685649063726{margin-top: -50px !important;}&#8221;][vc_column][\/vc_column][\/vc_row][vc_row][vc_column][vc_tta_accordion active_section=&#8221;999&#8243; collapsible_all=&#8221;true&#8221;][vc_tta_section title=&#8221;Neural control of escape speed during and after a visually threating stimuli&#8221; tab_id=&#8221;1691675397843-c4945df5-f7df&#8221;][vc_column_text]Alejandro C\u00e1mera (1), Mariano Belluscio, Daniel Tomsic (1) University of Western Australia, Australia Escape responses to danger stimuli have been studied across many groups of animals. One of these animals is the crab Neohelice [&hellip;]<\/p>\n","protected":false},"author":1,"featured_media":0,"parent":0,"menu_order":0,"comment_status":"closed","ping_status":"closed","template":"","meta":{"footnotes":""},"class_list":["post-913","page","type-page","status-publish","hentry"],"_links":{"self":[{"href":"https:\/\/csan2023.saneurociencias.org.ar\/index.php\/wp-json\/wp\/v2\/pages\/913","targetHints":{"allow":["GET"]}}],"collection":[{"href":"https:\/\/csan2023.saneurociencias.org.ar\/index.php\/wp-json\/wp\/v2\/pages"}],"about":[{"href":"https:\/\/csan2023.saneurociencias.org.ar\/index.php\/wp-json\/wp\/v2\/types\/page"}],"author":[{"embeddable":true,"href":"https:\/\/csan2023.saneurociencias.org.ar\/index.php\/wp-json\/wp\/v2\/users\/1"}],"replies":[{"embeddable":true,"href":"https:\/\/csan2023.saneurociencias.org.ar\/index.php\/wp-json\/wp\/v2\/comments?post=913"}],"version-history":[{"count":16,"href":"https:\/\/csan2023.saneurociencias.org.ar\/index.php\/wp-json\/wp\/v2\/pages\/913\/revisions"}],"predecessor-version":[{"id":1220,"href":"https:\/\/csan2023.saneurociencias.org.ar\/index.php\/wp-json\/wp\/v2\/pages\/913\/revisions\/1220"}],"wp:attachment":[{"href":"https:\/\/csan2023.saneurociencias.org.ar\/index.php\/wp-json\/wp\/v2\/media?parent=913"}],"curies":[{"name":"wp","href":"https:\/\/api.w.org\/{rel}","templated":true}]}}